at is -40214132 - -12?
-40214120
In base 6, what is 32041102 - 5245?
32031413
In base 14, what is 7123c - -40?
7127c
In base 14, what is 9bc14 + 516?
9c32a
In base 7, what is 5115302210 + -4?
5115302203
In base 14, what is -18b + -326996?
-326b43
In base 15, what is 5c27856 - -4?
5c2785a
In base 12, what is 5458412 - -2?
5458414
In base 15, what is -130 + -106b5?
-107e5
In base 11, what is -338090 + 19?
-338072
In base 5, what is -1 + 1320344120?
1320344114
In base 16, what is -12f6 - d1?
-13c7
In base 7, what is -116 - 40225245?
-40225364
In base 3, what is 10 + 11002101211200001?
11002101211200011
In base 11, what is -3 - -751128?
751125
In base 11, what is 2a - 10a4812?
-10a4793
In base 4, what is 3 + 12130312000331?
12130312001000
In base 8, what is 0 + -74211736?
-74211736
In base 5, what is -10301 + -31432410?
-31443211
In base 10, what is 230 + 975?
1205
In base 13, what is -153 + 7535?
73b2
In base 16, what is 30a + 44e?
758
In base 3, what is -1200221010112220 - 12?
-1200221010120002
In base 5, what is 32400403 + -241?
32400112
In base 3, what is -101012 - -1110112202?
1110011120
In base 9, what is 112533 + 5376?
118020
In base 5, what is -3 + -124432122?
-124432130
In base 7, what is 54 - -2404020?
2404104
In base 2, what is 11001110101101101010011111 + 10?
11001110101101101010100001
In base 14, what is -2 + 4881b62?
4881b60
In base 15, what is -10a - ed46?
-ee51
In base 11, what is 702436 - 7?
70242a
In base 13, what is -212b9a79 + -3?
-212b9a7c
In base 16, what is a6be6 - -2?
a6be8
In base 9, what is -4538507 + -228?
-4538736
In base 4, what is -13033 - 33111102?
-33130201
In base 15, what is 7ae - 5a5?
209
In base 9, what is 2 - -14877763?
14877765
In base 5, what is 204131421 - 41?
204131330
In base 15, what is 8 + -33c0450?
-33c0447
In base 9, what is -7208 - -227?
-6871
In base 9, what is -13685548 - -70?
-13685468
In base 12, what is -4 - 92a3780?
-92a3784
In base 16, what is -1f0714 - -7?
-1f070d
In base 3, what is -11012101020022221 + -12?
-11012101020100010
In base 5, what is 111002101 + -23?
111002023
In base 12, what is -7ba6b51 + -3?
-7ba6b54
In base 16, what is 854bb5 + 3?
854bb8
In base 6, what is -1 + 3245014440?
3245014435
In base 6, what is -142102015 - -4?
-142102011
In base 11, what is 964a89 + 23?
965001
In base 2, what is 10011001101001011010 - 10?
10011001101001011000
In base 11, what is -6 + -5982a67?
-5982a72
In base 13, what is -87c665bc - 1?
-87c665c0
In base 13, what is 3 - 8a7c80?
-8a7c7a
In base 9, what is 6 + -14242364?
-14242357
In base 4, what is -3 + 12021120133131?
12021120133122
In base 10, what is -52311045 + 4?
-52311041
In base 8, what is -5655 - 3647?
-11524
In base 8, what is 147 - -362210?
362357
In base 13, what is -129 - -512614?
5124b8
In base 9, what is 37 + -368012?
-367864
In base 2, what is -100 + -1001000101110111010011?
-1001000101110111010111
In base 7, what is 431430 + 136?
431566
In base 15, what is -1002 + -1ad?
-11b0
In base 16, what is 34c694 + 12?
34c6a6
In base 16, what is 4 + -4213b56?
-4213b52
In base 16, what is -d34 + -ce?
-e02
In base 12, what is -2 + 23796656?
23796654
In base 3, what is -2211202 + -11021022?
-21010001
In base 10, what is 16 + -1861720?
-1861704
In base 4, what is -11100202 - -21101113?
10000311
In base 9, what is -10 - -288638?
288628
In base 2, what is 100110 + 1101011011100111111?
1101011011101100101
In base 2, what is -111001100011 - -111100011001?
10110110
In base 8, what is -6232062 + -7?
-6232071
In base 13, what is 4b3b + -10665?
-8827
In base 16, what is 14329 + 2b?
14354
In base 5, what is 3433 + -4404001?
-4400013
In base 16, what is c9d3a0b - 2?
c9d3a09
In base 6, what is 131232144 + 13?
131232201
In base 9, what is 33614428 - 2?
33614426
In base 7, what is 1 - -1364344424?
1364344425
In base 4, what is 11000313300201 + 2?
11000313300203
In base 12, what is -571b + 1483?
-4258
In base 8, what is -1433420 - 35?
-1433455
In base 14, what is 5 - 5954d55?
-5954d50
In base 16, what is 31b8 + 24e?
3406
In base 16, what is -20ac15 - -6?
-20ac0f
In base 12, what is a12a9 - 2?
a12a7
In base 8, what is 14325 + 3513?
20040
In base 3, what is -10 - 220200210211011?
-220200210211021
In base 9, what is -82426 - 101?
-82527
In base 9, what is 5858271 - -2?
5858273
In base 3, what is 121000021111120 + -10?
121000021111110
In base 14, what is -43d5 - 12d?
-4524
In base 16, what is 2 - -10cc48?
10cc4a
In base 14, what is 561d50b + 4?
561d511
In base 11, what is 2a8 - 1596a?
-15672
In base 10, what is -11234 - 1529?
-12763
In base 12, what is a4292930 - 1?
a429292b
In base 16, what is -3455a + 3f?
-3451b
In base 7, what is -14350444632 - 0?
-14350444632
In base 15, what is -1ce3306 + 8?
-1ce32ed
In base 12, what is 1193 + -6b9?
696
In base 16, what is 13d70 - -18?
13d88
In base 8, what is -110533 + 433?
-110100
In base 2, what is -1001001000 + -1010111101101101?
-1011000110110101
In base 5, what is 20333223244 + -2?
20333223242
In base 8, what is 71210 - -47276?
140506
In base 15, what is 12 + -2a3aec0?
-2a3aead
In base 15, what is bc9655 - 5?
bc9650
In base 7, what is 36300 + 40333?
106633
In base 15, what is -13 - -5543e?
5542b
In base 2, what is 10011010010000 + -10000101001001?
10101000111
In base 2, what is 111000100001110100000 + -1110100?
111000100001100101100
In base 5, what is -12211 + -1024314?
-1042030
In base 16, what is 84 + -e724?
-e6a0
In base 10, what is -117336 + -18?
-117354
In base 3, what is -2002012220 - -2210110?
-1222102110
In base 10, what is -12035 + 24124?
12089
In base 6, what is 21553303 + -113?
21553150
In base 14, what is -3a05 + 2b?
-39b8
In base 5, what is 2032333321 + -3?
2032333313
In base 3, what is 222 - 11220122021?
-11220121022
In base 9, what is -3015274 + -1223?
-3016507
In base 15, what is -7 - 157b043?
-157b04a
In base 9, what is 0 + -203060526?
-203060526
In base 15, what is 4 + 481aded?
481ae02
In base 14, what is -1 - -180c4c?
180c4b
In base 8, what is -21300 + 14745?
-4333
In base 15, what is -e + 22951?
22942
In base 13, what is 57011b0 - 9?
57011a4
In base 9, what is 1 - 153100065?
-153100064
In base 2, what is 10101000010101 + 10000111111011111?
10011100111110100
In base 14, what is 3a - -4b7191?
4b71cb
In base 6, what is 1031052 + -2400?
1024252
In base 14, what is 1 - -9d435c?
9d435d
In base 6, what is 45421353 + -22?
45421331
In base 5, what is -2 - 22414401231?
-22414401233
In base 3, what is 11020 + 1021022012001?
1021022100021
In base 12, what is b + 74bba4b?
74bba5a
In base 6, what is -51215 - 530553?
-1022212
In base 14, what is 35d4564a + 1?
35d4564b
In base 3, what is -1111022100 + -121221?
-1111221021
In base 15, what is -1c0 - 495d3?
-497a3
In base 2, what is 100101000 - -100001110110000?
100010011011000
In base 6, what is -11554212203 + 3?
-11554212200
In base 2, what is -1010001100110001011001 + -1010101?
-1010001100110010101110
In base 10, what is 92330529 + 3?
92330532
In base 15, what is -7 - 7b29?
-7b31
In base 5, what is -3332 + 34020134?
34011302
In base 3, what is 1010020 - -1202102212021?
1202110222111
In base 3, what is -20012010101102 - -11021?
-20012010020011
In base 4, what is -103112032 - -120210?
-102331222
In base 12, what is -35597 + 339?
-3525a
In base 3, what is 2010210 + -1022110211?
-1020100001
In base 12, what is 32818017 + 4?
3281801b
In base 10, what is -973 - 32293?
-33266
In base 2, what is 11 - -10011110001111110?
10011110010000001
In base 11, what is 14 - -525064?
525078
In base 2, what is -11101111000111 + -110101000000100?
-1010010111001011
In base 16, what is 2 - 26472d5?
-26472d3
In base 9, what is -232826773 + -1?
-232826774
In base 3, what is -210 - -1110112101101?
1110112100121
In base 11, what is -15 - 420540?
-420555
In base 2, what is 1101011101100011000010000101 - 1?
1101011101100011000010000100
In base 2, what is -11101100101101010000 - 11011101?
-11101100110000101101
In base 9, what is 3 - -6710633?
6710636
In base 7, what is -3361150 - -263?
-3360554
In base 11, what is -66126 - -1017?
-6510a
In base 4, what is 201300133 - 103223?
201130310
In base 8, what is -4 - 105654066?
-105654072
In base 4, what is 2130 + 301330333?
301333123
In base 6, what is -5 - 12500245010?
-12500245015
In base 13, what is -5b1007 + 0?
-5b1007
In base 9, what is 43 + -16741?
